{"id":86,"date":"2010-12-09T01:18:56","date_gmt":"2010-12-09T04:18:56","guid":{"rendered":"http:\/\/ludilau.com.ar\/"},"modified":"2018-07-26T01:07:21","modified_gmt":"2018-07-26T01:07:21","slug":"el-espacio","status":"publish","type":"page","link":"https:\/\/www.ludilau.com.ar\/web\/el-espacio\/","title":{"rendered":"El espacio"},"content":{"rendered":"<p>Espacio Ludilau se encuentra en el barrio de Palermo y los espera en una vieja casona tipo PH de m\u00e1s de 100 a\u00f1os de antig\u00fcedad adaptada para brindar espacios de juego c\u00f3modos y seguros para los beb\u00e9s y sus familias.&nbsp;<\/p>\n<p>Adem\u00e1s de realizar los controles gubernamentales obligatorios, cuenta con detalles de cuidado tanto en pisos y paredes como en todos los objetos que se utilizan para las actividades. Vale agregar que el Espacio cuenta con seguro m\u00e9dico, servicio de emergencia m\u00e9dica y cuenta con el control anual de Defensa Civil.<\/p>\n<p>Somos especialistas en Primera Infancia. La calidad edilicia tambi\u00e9n cuenta.<\/p>\n<p>&nbsp;<\/p>\n<p>[ngg_images source=\u00bbgalleries\u00bb container_ids=\u00bb32&#8243; display_type=\u00bbphotocrati-nextgen_basic_thumbnails\u00bb override_thumbnail_settings=\u00bb0&#8243; thumbnail_width=\u00bb240&#8243; thumbnail_height=\u00bb160&#8243; thumbnail_crop=\u00bb1&#8243; images_per_page=\u00bb20&#8243; number_of_columns=\u00bb3&#8243; ajax_pagination=\u00bb1&#8243; show_all_in_lightbox=\u00bb0&#8243; use_imagebrowser_effect=\u00bb1&#8243; show_slideshow_link=\u00bb1&#8243; slideshow_link_text=\u00bb[Mostrar presentaci\u00f3n de diapositivas]\u00bb template=\u00bb\/home\/c1950568\/public_html\/web\/wp-content\/plugins\/nextgen-gallery\/products\/photocrati_nextgen\/modules\/ngglegacy\/view\/gallery.php\u00bb order_by=\u00bbsortorder\u00bb order_direction=\u00bbASC\u00bb returns=\u00bbincluded\u00bb maximum_entity_count=\u00bb500&#8243;]<\/p>\n<p>&nbsp;<\/p>\n<h4>Escenarios L\u00fadicos<\/h4>\n<p>[metaslider id=7405]<\/p>\n<p>.<\/p>\n<p>#EspacioLudilau #MasajeParaBeb\u00e9s #Ludilau #MasajeInfantil&nbsp;#V\u00ednculoTemprano #Mam\u00e1 #Pap\u00e1 #Beb\u00e9 #Familia #Shantala #Apego&nbsp;#Lactancia #Puericultura #Maternidad #Paternidad&nbsp;#Estimulaci\u00f3nTemprana #V\u00edculo #Juego #M\u00fasica&nbsp;#Embarazadas&nbsp;#ActividadesMam\u00e1Beb\u00e9 #PrimeraInfancia #JugandoConMam\u00e1<\/p>\n","protected":false},"excerpt":{"rendered":"<p>Espacio Ludilau se encuentra en el barrio de Palermo y los espera en una vieja casona tipo PH de m\u00e1s de 100 a\u00f1os de antig\u00fcedad adaptada para brindar espacios de juego c\u00f3modos y seguros para los beb\u00e9s y sus familias.&nbsp;<\/p>\n","protected":false},"author":1,"featured_media":4783,"parent":0,"menu_order":9,"comment_status":"closed","ping_status":"closed","template":"","meta":{"_joinchat":[],"footnotes":""},"class_list":["post-86","page","type-page","status-publish","has-post-thumbnail","hentry"],"yoast_head":"<!-- This site is optimized with the Yoast SEO plugin v27.1.1 - https:\/\/yoast.com\/product\/yoast-seo-wordpress\/ -->\n<title>El espacio - Espacio Ludilau<\/title>\n<meta name=\"robots\" content=\"index, follow, max-snippet:-1, max-image-preview:large, max-video-preview:-1\" \/>\n<link rel=\"canonical\" href=\"https:\/\/www.ludilau.com.ar\/web\/el-espacio\/\" \/>\n<meta property=\"og:locale\" content=\"es_ES\" \/>\n<meta property=\"og:type\" content=\"article\" \/>\n<meta property=\"og:title\" content=\"El espacio - Espacio Ludilau\" \/>\n<meta property=\"og:description\" content=\"Espacio Ludilau se encuentra en el barrio de Palermo y los espera en una vieja casona tipo PH de m\u00e1s de 100 a\u00f1os de antig\u00fcedad adaptada para brindar espacios de juego c\u00f3modos y seguros para los beb\u00e9s y sus familias.&nbsp;\" \/>\n<meta property=\"og:url\" content=\"https:\/\/www.ludilau.com.ar\/web\/el-espacio\/\" \/>\n<meta property=\"og:site_name\" content=\"Espacio Ludilau\" \/>\n<meta property=\"article:publisher\" content=\"https:\/\/www.facebook.com\/Ludilau\" \/>\n<meta property=\"article:modified_time\" content=\"2018-07-26T01:07:21+00:00\" \/>\n<meta property=\"og:image\" content=\"https:\/\/www.ludilau.com.ar\/web\/wp-content\/uploads\/2010\/12\/16.jpg\" \/>\n\t<meta property=\"og:image:width\" content=\"3000\" \/>\n\t<meta property=\"og:image:height\" content=\"2000\" \/>\n\t<meta property=\"og:image:type\" content=\"image\/jpeg\" \/>\n<meta name=\"twitter:card\" content=\"summary_large_image\" \/>\n<meta name=\"twitter:site\" content=\"@espacioludilau\" \/>\n<meta name=\"twitter:label1\" content=\"Tiempo de lectura\" \/>\n\t<meta name=\"twitter:data1\" content=\"1 minuto\" \/>\n<script type=\"application\/ld+json\" class=\"yoast-schema-graph\">{\"@context\":\"https:\/\/schema.org\",\"@graph\":[{\"@type\":\"WebPage\",\"@id\":\"https:\/\/www.ludilau.com.ar\/web\/el-espacio\/\",\"url\":\"https:\/\/www.ludilau.com.ar\/web\/el-espacio\/\",\"name\":\"El espacio - Espacio Ludilau\",\"isPartOf\":{\"@id\":\"https:\/\/www.ludilau.com.ar\/web\/#website\"},\"primaryImageOfPage\":{\"@id\":\"https:\/\/www.ludilau.com.ar\/web\/el-espacio\/#primaryimage\"},\"image\":{\"@id\":\"https:\/\/www.ludilau.com.ar\/web\/el-espacio\/#primaryimage\"},\"thumbnailUrl\":\"https:\/\/www.ludilau.com.ar\/web\/wp-content\/uploads\/2010\/12\/16.jpg\",\"datePublished\":\"2010-12-09T04:18:56+00:00\",\"dateModified\":\"2018-07-26T01:07:21+00:00\",\"breadcrumb\":{\"@id\":\"https:\/\/www.ludilau.com.ar\/web\/el-espacio\/#breadcrumb\"},\"inLanguage\":\"es\",\"potentialAction\":[{\"@type\":\"ReadAction\",\"target\":[\"https:\/\/www.ludilau.com.ar\/web\/el-espacio\/\"]}]},{\"@type\":\"ImageObject\",\"inLanguage\":\"es\",\"@id\":\"https:\/\/www.ludilau.com.ar\/web\/el-espacio\/#primaryimage\",\"url\":\"https:\/\/www.ludilau.com.ar\/web\/wp-content\/uploads\/2010\/12\/16.jpg\",\"contentUrl\":\"https:\/\/www.ludilau.com.ar\/web\/wp-content\/uploads\/2010\/12\/16.jpg\",\"width\":3000,\"height\":2000},{\"@type\":\"BreadcrumbList\",\"@id\":\"https:\/\/www.ludilau.com.ar\/web\/el-espacio\/#breadcrumb\",\"itemListElement\":[{\"@type\":\"ListItem\",\"position\":1,\"name\":\"Portada\",\"item\":\"https:\/\/www.ludilau.com.ar\/web\/\"},{\"@type\":\"ListItem\",\"position\":2,\"name\":\"El espacio\"}]},{\"@type\":\"WebSite\",\"@id\":\"https:\/\/www.ludilau.com.ar\/web\/#website\",\"url\":\"https:\/\/www.ludilau.com.ar\/web\/\",\"name\":\"Espacio Ludilau\",\"description\":\"Acompa\u00f1amos a las Familias desde el juego, la m\u00fasica, el masaje, la crianza, el movimiento y la socializaci\u00f3n durante los primeros a\u00f1os de la mapaternidad.\",\"potentialAction\":[{\"@type\":\"SearchAction\",\"target\":{\"@type\":\"EntryPoint\",\"urlTemplate\":\"https:\/\/www.ludilau.com.ar\/web\/?s={search_term_string}\"},\"query-input\":{\"@type\":\"PropertyValueSpecification\",\"valueRequired\":true,\"valueName\":\"search_term_string\"}}],\"inLanguage\":\"es\"}]}<\/script>\n<!-- \/ Yoast SEO plugin. -->","yoast_head_json":{"title":"El espacio - Espacio Ludilau","robots":{"index":"index","follow":"follow","max-snippet":"max-snippet:-1","max-image-preview":"max-image-preview:large","max-video-preview":"max-video-preview:-1"},"canonical":"https:\/\/www.ludilau.com.ar\/web\/el-espacio\/","og_locale":"es_ES","og_type":"article","og_title":"El espacio - Espacio Ludilau","og_description":"Espacio Ludilau se encuentra en el barrio de Palermo y los espera en una vieja casona tipo PH de m\u00e1s de 100 a\u00f1os de antig\u00fcedad adaptada para brindar espacios de juego c\u00f3modos y seguros para los beb\u00e9s y sus familias.&nbsp;","og_url":"https:\/\/www.ludilau.com.ar\/web\/el-espacio\/","og_site_name":"Espacio Ludilau","article_publisher":"https:\/\/www.facebook.com\/Ludilau","article_modified_time":"2018-07-26T01:07:21+00:00","og_image":[{"width":3000,"height":2000,"url":"https:\/\/www.ludilau.com.ar\/web\/wp-content\/uploads\/2010\/12\/16.jpg","type":"image\/jpeg"}],"twitter_card":"summary_large_image","twitter_site":"@espacioludilau","twitter_misc":{"Tiempo de lectura":"1 minuto"},"schema":{"@context":"https:\/\/schema.org","@graph":[{"@type":"WebPage","@id":"https:\/\/www.ludilau.com.ar\/web\/el-espacio\/","url":"https:\/\/www.ludilau.com.ar\/web\/el-espacio\/","name":"El espacio - Espacio Ludilau","isPartOf":{"@id":"https:\/\/www.ludilau.com.ar\/web\/#website"},"primaryImageOfPage":{"@id":"https:\/\/www.ludilau.com.ar\/web\/el-espacio\/#primaryimage"},"image":{"@id":"https:\/\/www.ludilau.com.ar\/web\/el-espacio\/#primaryimage"},"thumbnailUrl":"https:\/\/www.ludilau.com.ar\/web\/wp-content\/uploads\/2010\/12\/16.jpg","datePublished":"2010-12-09T04:18:56+00:00","dateModified":"2018-07-26T01:07:21+00:00","breadcrumb":{"@id":"https:\/\/www.ludilau.com.ar\/web\/el-espacio\/#breadcrumb"},"inLanguage":"es","potentialAction":[{"@type":"ReadAction","target":["https:\/\/www.ludilau.com.ar\/web\/el-espacio\/"]}]},{"@type":"ImageObject","inLanguage":"es","@id":"https:\/\/www.ludilau.com.ar\/web\/el-espacio\/#primaryimage","url":"https:\/\/www.ludilau.com.ar\/web\/wp-content\/uploads\/2010\/12\/16.jpg","contentUrl":"https:\/\/www.ludilau.com.ar\/web\/wp-content\/uploads\/2010\/12\/16.jpg","width":3000,"height":2000},{"@type":"BreadcrumbList","@id":"https:\/\/www.ludilau.com.ar\/web\/el-espacio\/#breadcrumb","itemListElement":[{"@type":"ListItem","position":1,"name":"Portada","item":"https:\/\/www.ludilau.com.ar\/web\/"},{"@type":"ListItem","position":2,"name":"El espacio"}]},{"@type":"WebSite","@id":"https:\/\/www.ludilau.com.ar\/web\/#website","url":"https:\/\/www.ludilau.com.ar\/web\/","name":"Espacio Ludilau","description":"Acompa\u00f1amos a las Familias desde el juego, la m\u00fasica, el masaje, la crianza, el movimiento y la socializaci\u00f3n durante los primeros a\u00f1os de la mapaternidad.","potentialAction":[{"@type":"SearchAction","target":{"@type":"EntryPoint","urlTemplate":"https:\/\/www.ludilau.com.ar\/web\/?s={search_term_string}"},"query-input":{"@type":"PropertyValueSpecification","valueRequired":true,"valueName":"search_term_string"}}],"inLanguage":"es"}]}},"_links":{"self":[{"href":"https:\/\/www.ludilau.com.ar\/web\/wp-json\/wp\/v2\/pages\/86","targetHints":{"allow":["GET"]}}],"collection":[{"href":"https:\/\/www.ludilau.com.ar\/web\/wp-json\/wp\/v2\/pages"}],"about":[{"href":"https:\/\/www.ludilau.com.ar\/web\/wp-json\/wp\/v2\/types\/page"}],"author":[{"embeddable":true,"href":"https:\/\/www.ludilau.com.ar\/web\/wp-json\/wp\/v2\/users\/1"}],"replies":[{"embeddable":true,"href":"https:\/\/www.ludilau.com.ar\/web\/wp-json\/wp\/v2\/comments?post=86"}],"version-history":[{"count":24,"href":"https:\/\/www.ludilau.com.ar\/web\/wp-json\/wp\/v2\/pages\/86\/revisions"}],"predecessor-version":[{"id":7597,"href":"https:\/\/www.ludilau.com.ar\/web\/wp-json\/wp\/v2\/pages\/86\/revisions\/7597"}],"wp:featuredmedia":[{"embeddable":true,"href":"https:\/\/www.ludilau.com.ar\/web\/wp-json\/wp\/v2\/media\/4783"}],"wp:attachment":[{"href":"https:\/\/www.ludilau.com.ar\/web\/wp-json\/wp\/v2\/media?parent=86"}],"curies":[{"name":"wp","href":"https:\/\/api.w.org\/{rel}","templated":true}]}}